{"id":7106,"date":"2021-02-22T08:45:29","date_gmt":"2021-02-22T08:45:29","guid":{"rendered":"https:\/\/alba.fi\/person\/freund-pia\/"},"modified":"2022-08-15T06:17:36","modified_gmt":"2022-08-15T06:17:36","slug":"freund-pia","status":"publish","type":"person","link":"https:\/\/alba.fi\/en\/person\/freund-pia\/","title":{"rendered":"Freund, Pia"},"content":{"rendered":"<p>sopraano<\/p>\n\n\n<p><em>&#8220;Minulle taide tarkoittaa mahdollisuutta kommunikoida. Laulajana, luonnollisestikin, sanat ovat ty\u00f6kaluni, ja musiikki antaa siivet tulkinnalle. Niinp\u00e4 huomaan aina uudestaan hakeutuvani ty\u00f6yhteyteen aikamme s\u00e4velt\u00e4jien ja runoilijoiden kanssa.<\/em><\/p>\n\n\n\n<p><em>Olen my\u00f6s pohjattoman kiinnostunut eri taidemuotojen yhdist\u00e4misest\u00e4; siit\u00e4, miten vaikka kuvataide voi keskustella musiikin kanssa, tai runoimpro tanssin kanssa.&nbsp;<\/em><\/p>\n\n\n\n<p><em>Mielest\u00e4ni on t\u00e4rke\u00e4mp\u00e4\u00e4 yhdist\u00e4\u00e4 kuin eriytt\u00e4\u00e4. Eri taidemuotojen yhdist\u00e4minen rikastuttaa kommunikoinnin mahdollisuuksia!<\/em><\/p>\n\n\n\n<p><em>Uteliaisuus on ajanut minut ihanien produktioiden \u00e4\u00e4relle;&nbsp;kuten t\u00e4m\u00e4nkin, Ilari Laakson ja Chrys Saltin yhteisty\u00f6n, Jam Potin \u00e4\u00e4relle.<\/em><\/p>\n\n\n\n<p><em>Ensi kosketus Ilari Laakson musiikkiin syntyi&nbsp;h\u00e4nen kutsustaan, teoksen Writing These Poems my\u00f6t\u00e4.&nbsp;H\u00e4nen rikas s\u00e4velkielens\u00e4 yhdistettyn\u00e4 Chrys Saltin vahvaan runouteen sai minut pian ehdottamaan jatkoa ja ajatuksen laajentamista;&nbsp;<\/em><\/p>\n\n\n\n<p><em>miten runojen sanat voisivat musiikin lomassa toimia my\u00f6s itsen\u00e4isin\u00e4 elementtein\u00e4, tarinan kannattelijoina?<\/em><\/p>\n\n\n\n<p><em>Syntyi Jam Pot, yst\u00e4vyyden hillokattila, jota keskin\u00e4isell\u00e4 kunnioituksella<\/em><em>h\u00e4mmensimme kaikki. Ty\u00f6tapa oli ainutlaatuinen; 4:n taiteilijan yhteisty\u00f6n ja kommunikoinnin j\u00e4lki on mielest\u00e4ni kuultavissa t\u00e4m\u00e4n levyn annissa:<\/em><\/p>\n\n\n\n<p><em>S\u00e4velt\u00e4j\u00e4 salli vapauden heitt\u00e4yty\u00e4 &#8211; runoilija avasi oven sanojensa historiaan.&#8221;<\/em><\/p>\n\n\n\n<p>Pia Freund:<\/p>\n\n\n\n<p>www.piafreund.com<\/p>\n\n\n\n<figure class=\"wp-block-image size-large\"><img loading=\"lazy\" decoding=\"async\" width=\"1024\" height=\"683\" src=\"https:\/\/alba.fi\/wp-content\/uploads\/2022\/08\/KUVA-4-Pia-Freund-Photo-Mari-Waegelein-1024x683.jpg\" alt=\"\" class=\"wp-image-7879\" srcset=\"https:\/\/alba.fi\/wp-content\/uploads\/2022\/08\/KUVA-4-Pia-Freund-Photo-Mari-Waegelein-1024x683.jpg 1024w, https:\/\/alba.fi\/wp-content\/uploads\/2022\/08\/KUVA-4-Pia-Freund-Photo-Mari-Waegelein-300x200.jpg 300w, https:\/\/alba.fi\/wp-content\/uploads\/2022\/08\/KUVA-4-Pia-Freund-Photo-Mari-Waegelein-768x512.jpg 768w, https:\/\/alba.fi\/wp-content\/uploads\/2022\/08\/KUVA-4-Pia-Freund-Photo-Mari-Waegelein-1536x1024.jpg 1536w, https:\/\/alba.fi\/wp-content\/uploads\/2022\/08\/KUVA-4-Pia-Freund-Photo-Mari-Waegelein-2048x1366.jpg 2048w, https:\/\/alba.fi\/wp-content\/uploads\/2022\/08\/KUVA-4-Pia-Freund-Photo-Mari-Waegelein-416x277.jpg 416w\" sizes=\"auto, (max-width: 1024px) 100vw, 1024px\" \/><\/figure>\n","protected":false},"featured_media":0,"template":"","class_list":["post-7106","person","type-person","status-publish","hentry"],"acf":[],"_links":{"self":[{"href":"https:\/\/alba.fi\/en\/wp-json\/wp\/v2\/person\/7106","targetHints":{"allow":["GET"]}}],"collection":[{"href":"https:\/\/alba.fi\/en\/wp-json\/wp\/v2\/person"}],"about":[{"href":"https:\/\/alba.fi\/en\/wp-json\/wp\/v2\/types\/person"}],"wp:attachment":[{"href":"https:\/\/alba.fi\/en\/wp-json\/wp\/v2\/media?parent=7106"}],"curies":[{"name":"wp","href":"https:\/\/api.w.org\/{rel}","templated":true}]}}

<p>sopraano</p>


<p><em>&#8220;Minulle taide tarkoittaa mahdollisuutta kommunikoida. Laulajana, luonnollisestikin, sanat ovat työkaluni, ja musiikki antaa siivet tulkinnalle. Niinpä huomaan aina uudestaan hakeutuvani työyhteyteen aikamme säveltäjien ja runoilijoiden kanssa.</em></p>



<p><em>Olen myös pohjattoman kiinnostunut eri taidemuotojen yhdistämisestä; siitä, miten vaikka kuvataide voi keskustella musiikin kanssa, tai runoimpro tanssin kanssa.&nbsp;</em></p>



<p><em>Mielestäni on tärkeämpää yhdistää kuin eriyttää. Eri taidemuotojen yhdistäminen rikastuttaa kommunikoinnin mahdollisuuksia!</em></p>



<p><em>Uteliaisuus on ajanut minut ihanien produktioiden äärelle;&nbsp;kuten tämänkin, Ilari Laakson ja Chrys Saltin yhteistyön, Jam Potin äärelle.</em></p>



<p><em>Ensi kosketus Ilari Laakson musiikkiin syntyi&nbsp;hänen kutsustaan, teoksen Writing These Poems myötä.&nbsp;Hänen rikas sävelkielensä yhdistettynä Chrys Saltin vahvaan runouteen sai minut pian ehdottamaan jatkoa ja ajatuksen laajentamista;&nbsp;</em></p>



<p><em>miten runojen sanat voisivat musiikin lomassa toimia myös itsenäisinä elementteinä, tarinan kannattelijoina?</em></p>



<p><em>Syntyi Jam Pot, ystävyyden hillokattila, jota keskinäisellä kunnioituksella</em><em>hämmensimme kaikki. Työtapa oli ainutlaatuinen; 4:n taiteilijan yhteistyön ja kommunikoinnin jälki on mielestäni kuultavissa tämän levyn annissa:</em></p>



<p><em>Säveltäjä salli vapauden heittäytyä &#8211; runoilija avasi oven sanojensa historiaan.&#8221;</em></p>



<p>Pia Freund:</p>



<p>www.piafreund.com</p>



<figure class="wp-block-image size-large"><img loading="lazy" decoding="async" width="1024" height="683" src="https://alba.fi/wp-content/uploads/2022/08/KUVA-4-Pia-Freund-Photo-Mari-Waegelein-1024x683.jpg" alt="" class="wp-image-7879" srcset="https://alba.fi/wp-content/uploads/2022/08/KUVA-4-Pia-Freund-Photo-Mari-Waegelein-1024x683.jpg 1024w, https://alba.fi/wp-content/uploads/2022/08/KUVA-4-Pia-Freund-Photo-Mari-Waegelein-300x200.jpg 300w, https://alba.fi/wp-content/uploads/2022/08/KUVA-4-Pia-Freund-Photo-Mari-Waegelein-768x512.jpg 768w, https://alba.fi/wp-content/uploads/2022/08/KUVA-4-Pia-Freund-Photo-Mari-Waegelein-1536x1024.jpg 1536w, https://alba.fi/wp-content/uploads/2022/08/KUVA-4-Pia-Freund-Photo-Mari-Waegelein-2048x1366.jpg 2048w, https://alba.fi/wp-content/uploads/2022/08/KUVA-4-Pia-Freund-Photo-Mari-Waegelein-416x277.jpg 416w" sizes="auto, (max-width: 1024px) 100vw, 1024px" /></figure>
