{"id":7971,"date":"2021-02-21T20:16:13","date_gmt":"2021-02-21T20:16:13","guid":{"rendered":"https:\/\/alba.fi\/composer\/vaatainen-eero\/"},"modified":"2022-09-13T11:11:46","modified_gmt":"2022-09-13T11:11:46","slug":"vaatainen-eero","status":"publish","type":"composer","link":"https:\/\/alba.fi\/en\/composer\/vaatainen-eero\/","title":{"rendered":"V\u00e4\u00e4t\u00e4inen, Eero (b.1947)"},"content":{"rendered":"<p>(b. 1947)<\/p>\n","protected":false},"featured_media":0,"template":"","meta":{"_acf_changed":false,"_themeisle_gutenberg_block_has_review":false},"class_list":["post-7971","composer","type-composer","status-publish","hentry"],"acf":[],"_links":{"self":[{"href":"https:\/\/alba.fi\/en\/wp-json\/wp\/v2\/composer\/7971","targetHints":{"allow":["GET"]}}],"collection":[{"href":"https:\/\/alba.fi\/en\/wp-json\/wp\/v2\/composer"}],"about":[{"href":"https:\/\/alba.fi\/en\/wp-json\/wp\/v2\/types\/composer"}],"wp:attachment":[{"href":"https:\/\/alba.fi\/en\/wp-json\/wp\/v2\/media?parent=7971"}],"curies":[{"name":"wp","href":"https:\/\/api.w.org\/{rel}","templated":true}]}}

Väätäinen, Eero (b.1947)
